{"id":14,"date":"2011-05-02T09:25:40","date_gmt":"2011-05-02T07:25:40","guid":{"rendered":"http:\/\/www.cekarny.cz\/?page_id=14"},"modified":"2011-05-03T23:15:05","modified_gmt":"2011-05-03T21:15:05","slug":"povidani","status":"publish","type":"page","link":"https:\/\/www.cekarny.cz\/?page_id=14","title":{"rendered":"Pov\u00edd\u00e1n\u00ed"},"content":{"rendered":"<p>Kdy\u017e jsem rozj\u00ed\u017edel tenhle web, napadl m\u011b je\u0161t\u011b jeden v\u00fdznam slova &#8222;\u010dek\u00e1rny&#8220;. Ve sv\u00e9m bl\u00edzk\u00e9m okol\u00ed toti\u017e nevid\u00edme jen autobusov\u00e9 \u010dek\u00e1rny a zast\u00e1vky. Lid\u00e9 toti\u017e maj\u00ed \u010dek\u00e1n\u00ed jaksi v krvi. Nezn\u00e1te vyj\u00e1d\u0159en\u00ed typu: &#8222;Tohle ud\u011bl\u00e1m, a\u017e po \u0161kole&#8220;, &#8222;Te\u010f na tohle \u010di ono nen\u00ed vhodn\u00e1 doba&#8220;, &#8222;Po\u010dk\u00e1m, a\u017e jestli bude hezky&#8220;&#8230; Bla, bla, bla p\u00e1nov\u00e9 a d\u00e1my. Spousta lid\u00ed \u010dek\u00e1 na n\u011bco, co se t\u0159eba nikdy nestane. Spousta lid\u00ed sed\u00ed i n\u011bkolik let v \u010dek\u00e1rn\u011b a \u010dek\u00e1, a\u017e p\u0159ijede vysn\u011bn\u00fd autobus. On nejede, jezd\u00ed jin\u00e9, mo\u017en\u00e1 lep\u0161\u00ed spoje, ale \u010dekatel je nech\u00e1v\u00e1 odj\u00ed\u017ed\u011bt a ztr\u00e1c\u00ed tak sv\u016fj \u017eivot. Ale to je na ka\u017ed\u00e9m z n\u00e1s, jestli zvol\u00ed \u017eivot v \u010dek\u00e1rn\u011b a nebo vezme \u017eivot do sv\u00fdch rukou. Ono jde toti\u017e vyrazit p\u011b\u0161ky a poznat n\u011bco, co jsme nev\u011bd\u011bli, \u017ee existuje, jde j\u00edt na stopa, nasednout do jin\u00e9ho autobusu, prost\u011b posunout se d\u00e1l &#8230; Pod\u00edvejte se do fotogalerie. I sebelep\u0161\u00ed \u010dek\u00e1rna nen\u00ed p\u0159ece m\u00edsto, kde bysme m\u011bli tr\u00e1vit sv\u016fj \u017eivot. \ud83d\ude42<\/p>\n<p>P\u0159eju v\u0161em \u010dten\u00e1\u0159\u016fm tohoto webu, aby jim jezdily ty jejich vysn\u011bn\u00e9 spoje v\u010das, aby, kdy\u017e u\u017e jsou v \u010dek\u00e1rn\u011b, m\u011bli \u010dek\u00e1rnu \u00fatulnou a netla\u010dili se v n\u00ed se spoustou dal\u0161\u00edch z\u00e1jemc\u016f o ten sam\u00fd spoj, co je ur\u010den pouze pro jednoho &#8230;<\/p>\n","protected":false},"excerpt":{"rendered":"<p>Kdy\u017e jsem rozj\u00ed\u017edel tenhle web, napadl m\u011b je\u0161t\u011b jeden v\u00fdznam slova &#8222;\u010dek\u00e1rny&#8220;. Ve sv\u00e9m bl\u00edzk\u00e9m okol\u00ed toti\u017e nevid\u00edme jen autobusov\u00e9 \u010dek\u00e1rny a zast\u00e1vky. Lid\u00e9 toti\u017e maj\u00ed \u010dek\u00e1n\u00ed jaksi v krvi. Nezn\u00e1te vyj\u00e1d\u0159en\u00ed typu: &#8222;Tohle ud\u011bl\u00e1m, a\u017e po \u0161kole&#8220;, &#8222;Te\u010f na &hellip; <a href=\"https:\/\/www.cekarny.cz\/?page_id=14\">Cel\u00fd p\u0159\u00edsp\u011bvek <span class=\"meta-nav\">&rarr;<\/span><\/a><\/p>\n","protected":false},"author":3,"featured_media":0,"parent":0,"menu_order":0,"comment_status":"open","ping_status":"closed","template":"","meta":{"ngg_post_thumbnail":0,"footnotes":""},"class_list":["post-14","page","type-page","status-publish","hentry"],"_links":{"self":[{"href":"https:\/\/www.cekarny.cz\/index.php?rest_route=\/wp\/v2\/pages\/14","targetHints":{"allow":["GET"]}}],"collection":[{"href":"https:\/\/www.cekarny.cz\/index.php?rest_route=\/wp\/v2\/pages"}],"about":[{"href":"https:\/\/www.cekarny.cz\/index.php?rest_route=\/wp\/v2\/types\/page"}],"author":[{"embeddable":true,"href":"https:\/\/www.cekarny.cz\/index.php?rest_route=\/wp\/v2\/users\/3"}],"replies":[{"embeddable":true,"href":"https:\/\/www.cekarny.cz\/index.php?rest_route=%2Fwp%2Fv2%2Fcomments&post=14"}],"version-history":[{"count":3,"href":"https:\/\/www.cekarny.cz\/index.php?rest_route=\/wp\/v2\/pages\/14\/revisions"}],"predecessor-version":[{"id":27,"href":"https:\/\/www.cekarny.cz\/index.php?rest_route=\/wp\/v2\/pages\/14\/revisions\/27"}],"wp:attachment":[{"href":"https:\/\/www.cekarny.cz\/index.php?rest_route=%2Fwp%2Fv2%2Fmedia&parent=14"}],"curies":[{"name":"wp","href":"https:\/\/api.w.org\/{rel}","templated":true}]}}